q + 48*q - 4. List the prime factors of d(-2).
2, 7, 17
Suppose -3*h + 25 = 5*u, -2*u + 17 = -3*u - 5*h. Suppose u = -2*m + 4*m. What are the prime factors of m?
2
What are the prime factors of (-6981)/(-91) + 1 - (-4)/14?
2, 3, 13
Let l(w) = -13*w - 19. Let m be l(-1). Suppose -3*j + 5*j - 122 = 2*s, -5*j = 2*s - 277. Let r = m + j. What are the prime factors of r?
3, 17
Let w(m) = 10*m**2 + 12*m + 4. List the prime factors of w(-3).
2, 29
Let k be 24*20*(-20)/(-24). Suppose 10*f - k = 5*f. What are the prime factors of 6/(-4)*f/(-12)?
2, 5
Let o(w) = 91*w**2 + 4*w. What are the prime factors of o(2)?
2, 3, 31
Suppose 3*i + 4*l = 962, 0*i + 299 = i - 3*l. What are the prime factors of i?
2, 157
Let o(h) = 2*h**2 - 4*h + 2. Suppose 3*s = -r + 3 - 9, 4 = -r - 2*s. Suppose r*x = -2*x + 4*m, m - 1 = 0. What are the prime factors of o(x)?
2
Suppose 7*k = 3*k. Suppose k = -0*j + j. Suppose j = 3*p - 5*x - 145 + 43, -6 = 2*x. What are the prime factors of p?
29
Let k = -81 - -721. What are the prime factors of k?
2, 5
Suppose 5*b + 129 = 3*u, -141 = -6*u + 3*u + b. Suppose -35 = 3*y + 2*s, -10 = -3*y - 5*s - u. Let z = y - -33. List the prime factors of z.
2, 11
Let c(n) = n**2 - n + 19. Let j(d) be the third derivative of d**6/120 - d**5/60 + d**4/24 - d**3/6 - 5*d**2. Let b be j(1). List the prime factors of c(b).
19
Suppose y = -3*n + 2*y + 24, -5*y = 2*n - 33. Let f be 3*3/n - 7. List the prime factors of 8/f + 86/6.
13
Let h(w) = -w - 34*w**2 + w**3 + 41*w**2 + 10 - 22. What are the prime factors of h(-5)?
43
Suppose 27 = 3*p + 18. Suppose -2*c - 341 = -f, 946 + 707 = 5*f + p*c. What are the prime factors of f?
3, 37
Let x = 13 + -9. Suppose x*w + 5*f - 22 = 0, -4 = -5*f + 6. Suppose -j + w*u = -36, j - 4*j = 2*u - 86. What are the prime factors of j?
2, 3, 5
Suppose k = 2*y - 5*y + 2, -3*y = 3*k. List the prime factors of 42*(-2)/(-4)*y.
3, 7
Suppose 0*h + 2*h + 4216 = 5*p, 3*p = 4*h + 2524. Suppose 11*o - 15*o = -p. List the prime factors of o.
211
Suppose 5*l - 4*c + 687 = 0, -11*c = l - 10*c + 141. Let u = l - -304. List the prime factors of u.
3, 5, 11
Let h(i) = i**3 - 6*i**2 + 9*i - 2. Suppose 0 = d - 4*d - 6, 0 = 5*m - 4*d - 43. What are the prime factors of h(m)?
2, 5, 11
Suppose -i - 2*k - 11 = 0, -k - 3 = 3*i + 50. Let f = i + 22. Let z(q) = -q**3 + 5*q**2 - 3*q + 5. List the prime factors of z(f).
2, 7
Suppose -646 = -2*h + 2*g - 3*g, h - 5*g - 312 = 0. Let p = h + -119. List the prime factors of p.
7, 29
Let n = 135 - -200. List the prime factors of n.
5, 67
Let g = -345 + 743. List the prime factors of g.
2, 199
Suppose -4*d = -q - 285 - 511, d - 4*q = 214. List the prime factors of d.
2, 3, 11
Suppose 3*u + 18 = -3*v, v + 3*u - 14 = 6*v. Let f = v + -8. Let i = 45 + f. What are the prime factors of i?
3, 11
Suppose 12*i = 6*i + 1662. List the prime factors of i.
277
Suppose 5*z = -3*w + 16, 6*w - z - 40 = 3*w. List the prime factors of w.
2, 3
Let x(g) = 37*g**3 - g**2 + 2*g - 1. Let i = 10 - 9. Let o be x(i). Suppose o*n - 165 = 34*n. List the prime factors of n.
5, 11
Let a(f) = 2*f + 14. Let g be a(-10). Let q be ((-172)/6)/(4/g). Let j = -20 + q. List the prime factors of j.
23
Let k be (-2)/7 - 2883/(-21). Let u = -82 + k. Suppose 5*v = -0*v + u. What are the prime factors of v?
11
Let b be 1*(2 + -2*(-1 - -2)). Suppose b = 2*m - 8*m + 240. What are the prime factors of m?
2, 5
Let j = -97 + 177. Suppose -j = -h - 2. Let p = h - 49. List the prime factors of p.
29
Suppose -119*u + 41093 = -90*u. What are the prime factors of u?
13, 109
Suppose 6*d + 18 = 8*d. Let z = 12 - d. List the prime factors of (-350)/(-2 - z) - 0.
2, 5, 7
Suppose 8*j - 48 = 4*j. Let w(i) = 5*i**2 - 2*i + 2. Let a be w(3). Let u = a - j. List the prime factors of u.
29
Let c(q) = -24*q + 19 - 35 + 20. Let f be c(-4). Suppose -g + f = 3*g. List the prime factors of g.
5
Let p = -140 + 377. Suppose 0 = -5*x - 5*n + 690 + 395, 5*n = -x + p. List the prime factors of x.
2, 53
Suppose 4*c = 17 + 15. Suppose c = 5*z - 17. Suppose 4*j + z*t - 209 = 0, 0 = 4*j - 5*t - 87 - 72. List the prime factors of j.
2, 23
Let p = -1157 + 2429. List the prime factors of p.
2, 3, 53
Let q be (-2*1/4)/(2/(-16)). What are the prime factors of (3*(-205)/(-30))/(2/q)?
41
List the prime factors of (98/4)/(2394/(-480) + 5).
2, 5, 7
Suppose -4*z - 916 = -2*y - 44, -2*z = 6. Suppose 4*m + 154 = y. List the prime factors of m.
3, 23
Suppose 1176 = 2*k + 3*x + 413, 5*x + 15 = 0. List the prime factors of k.
2, 193
Let r(u) = 2*u + 42. List the prime factors of r(-15).
2, 3
Suppose 4*p = 2*v - 20, 0*p + 2*p - 2 = -5*v. Suppose -v*r + 5*r + 27 = -3*h, r + 2*h = -12. What are the prime factors of (5 + r)/(1/(-23))?
23
Let s(g) = -g**3 + 5*g**2 + 2. Let y be s(5). Suppose 3*j + 9 = 0, -y*u - 153 = -5*u - 5*j. What are the prime factors of u?
2, 7
List the prime factors of -10 + 4 + 1954 + 9.
19, 103
Let c(h) = 14*h + 1. Let i be c(-7). Let r = -29 - i. List the prime factors of r.
2, 17
Let c = -6 - -10. Suppose c*w = -4*l + 680, -101 - 65 = -w - 2*l. Suppose -4*h + h = -w. What are the prime factors of h?
2, 29
Suppose -15*m + 84 = -m. What are the prime factors of (-3)/9 - (-704)/m?
3, 13
Let n = -33 - -38. Let t be 3*1/6*-2. Let v = n - t. What are the prime factors of v?
2, 3
Suppose -r + 3*v + 3090 = 0, -3*r - 2*v - 3*v = -9256. What are the prime factors of r?
3, 7
Let i be (6 - (-4)/(-2)) + (0 - -1). Suppose -25 = -3*m - u, 0*m + i*u - 26 = -4*m. What are the prime factors of m?
3
Suppose 69*z - 68*z = 98. Let r = z - 47. What are the prime factors of r?
3, 17
Let c = 42 + -40. Suppose -2*y + 34 = 2*q - 88, c*q = 2*y - 110. What are the prime factors of y?
2, 29
Let k = -2 - -4. Let m be 3/(90/1956) - 8/(-10). Suppose 4*x + m = 5*w, 3*w + 4*x - k*x - 22 = 0. List the prime factors of w.
2, 5
Let t(s) = 2*s**2 - 5*s - 10. Let l(y) = -y**2 + 6*y + 9. Let n(p) = 4*l(p) + 3*t(p). Suppose -4*x - 31 = 1. List the prime factors of n(x).
2, 31
Let r = -289 + 833. What are the prime factors of r?
2, 17
Suppose 4 - 16 = -2*o. Suppose -2*r = i - o - 24, -3*r + 4*i + 67 = 0. Suppose 4*u = r - 5. What are the prime factors of u?
3
Let x(p) = -23*p**3 + 3*p + 3. What are the prime factors of x(-2)?
181
Let m = 831 + -245. What are the prime factors of m?
2, 293
Suppose -176*s = -187*s + 7777. What are the prime factors of s?
7, 101
Let z(b) = -b**3 - 10*b**2 - 10*b + 5. Let q be z(-9). List the prime factors of (q - 15)*-19*1.
19
Suppose 0 = -2*d + 5*x + 2136, -4*d + 5*d - 1081 = -4*x. List the prime factors of d.
29, 37
What are the prime factors of 1/(-5) + (-1952)/(-10)?
3, 5, 13
Let h(q) = -4*q + 14. Let a be h(5). Let v(g) = -g**3 - 7*g**2 - 10*g - 7. List the prime factors of v(a).
17
Suppose 0*w - 2*w + 2051 = y, -2063 = -2*w + 3*y. Suppose -766 = -11*k + w. What are the prime factors of k?
163
Let t be (-1)/((-3)/6) - 10 - -3. Let w = 77 + t. List the prime factors of w.
2, 3
Let h = 197 - 114. Suppose 5*t = -4*w + 376, -w - 2*t = 2*t - h. What are the prime factors of w?
3, 11
Suppose 40 = 4*x + 12. What are the prime factors of x + (-3 - 0) - -40?
2, 11
Let a be -1 - 3 - (-51 - 6). Let y = a - 74. Let m = 16 - y. List the prime factors of m.
37
Let x = 41 + -38. Suppose 88 + 62 = x*k. List the prime factors of k.
2, 5
Let b be 2/(-4)*(-2 - -14). Suppose 0 = -3*i - 18. What are the prime factors of ((-8)/b)/(i/(-63))?
2, 7
Let t = -2168 - -3815. List the prime factors of t.
3, 61
Suppose -13*l + 5*l + 2360 = 0. Let p = 1 + l. List the prime factors of p.
2, 37
Let p(t) = 12*t**2 - 2*t + 2. Let i be p(1). Let b be (-17)/(-4) + (-3)/i. Suppose -b*y - 11 = 5*c - 273, 4*c + 5*y = 206. What are the prime factors of c?
2, 3
Suppose 5*x = u - 1869, -4*x + 3*x - 361 = 3*u. List the prime factors of 2/(-7) + x/(-7).
53
Let n(c) = -4*c**3 + 3*c - 4. Let l(y) = y**3 - y**2 + 1. Let v(t) = -3*l(t) - n(t). Let p be v(-4). What are the prime factors of 68/(3 - (p - -4))?
2, 17
Suppose -o + r + 824 = 0, 5*r = -2*o + 256 + 1420. List the prime factors of o.
2, 3, 23
Let i(x) = -3*x**2 + 6*x - 2. Let s be i(2). List the prime factors of (-3)/(6/(-275)) - (-3)/s.
2, 17
Suppose 5*h - 823 = 2*o - o, 0 = 2*h + 2*o - 322. Suppose h = 4*d - 5*u, 168 = -d + 5*d - 4*u. What are the prime factors of d?
2,